by m?
14
Suppose -231 + 96 = -3*d. Calculate the remainder when 72 is divided by d.
27
Suppose 433 = 26*h - 9. What is the remainder when 237 is divided by h?
16
Suppose -r + 236 = -j, -5*r + 3*j - 75 = -1249. Calculate the remainder when r is divided by 26.
25
Suppose 2*b = -2*x + 78, 2*b + 41 - 2 = x. Calculate the remainder when 465 is divided by x.
36
Let h be 1 - (0 + 1 + -16). Suppose 3*t - 35 = h. What is the remainder when 64 is divided by t?
13
Suppose -14 + 29 = 5*u. What is the remainder when 22 is divided by ((-2)/u - (-4)/24)*-8?
2
Suppose h = 5*h - 4*n - 32, -h = 5*n + 16. Suppose -h*c - 4 = -0*c. Calculate the remainder when -5*39/(-4 - c) is divided by 17.
14
Let l = 16 + -17. Let m be 5/(l/3*-3). Suppose -74 = -3*o - 5*y + 42, 0 = -3*o + m*y + 166. What is the remainder when o is divided by 25?
22
Suppose -30*j - 99 = -41*j. What is the remainder when 232 is divided by j?
7
Suppose 306*h + 696 = 312*h. Let q = 15 + -8. Suppose q*v - h + 25 = 0. Calculate the remainder when 38 is divided by v.
12
Let f = -120 + 139. What is the remainder when 66 is divided by f?
9
Suppose 3*x + 6*x = 55 + 125. Suppose -5*a + 3*a = -76. Calculate the remainder when a is divided by x.
18
Let x(t) = t**3 - t**2 + t + 1. Let p(z) = 6*z**2 - 11*z - 2. Let s be (-4)/((-20)/(-17)) + (-8)/(-20). What is the remainder when p(s) is divided by x(3)?
19
Let x = 317 + -309. Calculate the remainder when 70 is divided by x.
6
Let f(h) = -h + 2. Let b be f(-2). Suppose 2*x = -2*p + 14, -3*p = b*x - 4*p - 28. What is the remainder when x is divided by 3?
1
Let z(w) = 6*w + 13. Calculate the remainder when 368 is divided by z(4).
35
Suppose -62 = -5*v + 3*k, v + 2*k + 28 = 3*v. Suppose -v*j = -5*j - 65. What is the remainder when 47 is divided by j?
8
Suppose -b - b + 30 = 0. Let g be -6*(16/3)/2. Let z(k) = k + 60. What is the remainder when z(g) is divided by b?
14
Let a = 80 - -142. Suppose -2*q + a = 4*k, k + k = -2*q + 212. What is the remainder when q is divided by 52?
49
Suppose 5*w - 13*w + 1520 = 0. Calculate the remainder when w is divided by 16.
14
Suppose -1260 = -15*a - 13*a. What is the remainder when 123 is divided by a?
33
Suppose 3*z = 671 - 65. Calculate the remainder when z is divided by 27.
13
Suppose -3*l + 4*i = -30, -2*l - i - i = -6. Calculate the remainder when ((-2968)/6)/(-7) + l/(-9) is divided by 9.
7
Let m(p) = -3*p - 9. Let t be m(-6). Let h be (30/t)/((-2)/(-3)). Suppose -h*x = -x - 48. What is the remainder when 21 is divided by x?
9
Suppose 92*h - 1216 - 3200 = 0. Calculate the remainder when 70 is divided by h.
22
Calculate the remainder when ((-24)/20)/((-21)/910) is divided by (-101)/(-9) + 6/(-27).
8
Let o be (7*-7 - -1)*(-1)/2. Suppose -5*g = -2*f + o, 3*f + g - 36 = -0*f. Calculate the remainder when 31 is divided by f.
7
Suppose -7*c - 9 = 117. Let j(x) = x**3 + 18*x**2 - 9*x - 24. What is the remainder when j(c) is divided by 20?
18
Suppose -5*n + 524 = -7*n. Let s = 377 + n. What is the remainder when s is divided by 29?
28
Suppose -173 = -3*x + 5*y, -2*x - 5*y + y + 86 = 0. Calculate the remainder when x is divided by 14.
9
Let z(l) = -73*l - 2. What is the remainder when z(-2) is divided by 30?
24
Let i(t) = 2*t + 26. Let r = -16 + 16. What is the remainder when 75 is divided by i(r)?
23
Suppose 10*t + 40*t - 100 = 0. What is the remainder when (-2)/(-6) - 20/(-3) is divided by t?
1
Let b = 20 - 19. Let q be (-138)/(-10) - b/(-5). Let l = q - 10. What is the remainder when 7 is divided by l?
3
Suppose -8932 = -21*j + 10*j. What is the remainder when j is divided by 12?
8
Let b = -89 - -124. Suppose l - 4*l + 171 = 0. Suppose -d - l = -4*d. Calculate the remainder when b is divided by d.
16
Let b be (-4)/((-8)/34) - (-2 + 6). Suppose -b*v + 123 = -202. What is the remainder when 99 is divided by v?
24
Suppose 4*v = 6*v - 286. Calculate the remainder when v is divided by 31.
19
Calculate the remainder when 15/(-3) - (7 - 66/2) is divided by 6.
3
Let o = -278 - -382. Suppose -t - t + 44 = 0. What is the remainder when o is divided by t?
16
Let c(m) = -m**2 + 15*m - 25. Suppose 0*y + 310 = 2*y - 2*g, -5*y - 5*g + 755 = 0. Calculate the remainder when y is divided by c(7).
29
Let t = 274 + -109. Calculate the remainder when t is divided by 83.
82
Let j = 20 + -16. Let v(c) = -j*c + 2 - 7 + 4 - 2*c. What is the remainder when 13 is divided by v(-1)?
3
Suppose -2*w = s - 68, -4*s - 4*w = -s - 194. Let d = -33 + 49. Calculate the remainder when s is divided by d.
10
Let z(t) = -t**2 - t + 2. Let g be z(0). Suppose 0 = -g*h + 3*h - 49. What is the remainder when h is divided by 19?
11
Suppose 4*p - 2*q = 186, 4*q - q + 230 = 5*p. Let w = 13 + p. Suppose -19*k = -90 - 309. Calculate the remainder when w is divided by k.
20
Let c(i) = -i**3 + 20*i**2 + 51*i - 93. What is the remainder when c(22) is divided by 18?
7
Let q(n) = 2*n - 6. Let u be q(0). Let l = 30 - u. What is the remainder when 107 is divided by l?
35
Suppose -179 = 4*w - 195. Calculate the remainder when 9 is divided by w.
1
Let t(c) = -21*c + 303. What is the remainder when 183 is divided by t(10)?
90
Let d(h) = h**3 - h**2 - 3*h + 4. Let g be d(2). Suppose g*p + 29 = 3*p. Suppose -r - 3*r = -32. What is the remainder when p is divided by r?
5
Let c(b) = b + 29*b**2 + 10*b - 30*b**2. Calculate the remainder when 37 is divided by c(10).
7
Let t = 86 - 74. Suppose -22 - 20 = -2*g. Calculate the remainder when g is divided by t.
9
Let b = -741 - -1033. Calculate the remainder when b is divided by 40.
12
Let y(b) = -12*b**3. Let r be y(-1). What is the remainder when 37 is divided by ((-88)/r)/(-3*(-6)/(-27))?
4
Let j = 370 + -335. Calculate the remainder when j is divided by (3 - 2)/(2/38).
16
Suppose -4*r = 2 - 50. Let m = -469 + 325. Let g = m + 213. What is the remainder when g is divided by r?
9
Suppose 8*w + 406 = 37*w. What is the remainder when 61 is divided by w?
5
Let d(t) = -t**3 - 6*t**2 - 6*t. Let k be d(-5). Suppose 2*s + 382 = 5*v, 379 = k*v + 4*s - 27. What is the remainder when v is divided by 27?
24
Let k(y) = -38*y**3 + y**2. Let n be (1 + 0)/((-3)/15). What is the remainder when k(-1) is divided by 6/30 + (-69)/n?
11
Suppose 0 = -5*k - z + 267, 4*k + 0*z = -2*z + 216. What is the remainder when 157 is divided by k?
51
Let f(m) = 7*m + 47. Let i be f(-7). Calculate the remainder when 214 is divided by i/(-10)*3*30.
16
Let q = 13 + -13. Suppose -2*n - 93 - 433 = q. What is the remainder when (-10)/45 - n/9 is divided by 10?
9
Let w be (-2 - -1) + 4 + -11. Calculate the remainder when 22 is divided by (-3)/(6/w*1).
2
Let u be (-7)/((-147)/28) + 2/3. Suppose -39 - 195 = -u*r. Suppose 0 = 3*i - 3*l - 105, 3*l - 17 - 38 = -i. Calculate the remainder when r is divided by i.
37
Suppose -3*l - 35 = -3*t - t, 47 = 4*t + l. What is the remainder when (-288)/(-10) - 4/(-20) is divided by t?
7
Let w(x) = 17*x + 332. Calculate the remainder when w(-6) is divided by 60.
50
Calculate the remainder when 2/((-7)/(-4935)*6) is divided by 52.
27
Suppose 92 = 4*g + 4*o, -4*g + 20 = -2*o - 48. Let m = -83 + 64. Let t = -15 - m. What is the remainder when g is divided by t?
3
Suppose p + 1 - 6 = 0, 4*p = 2*i + 34. Let m = 15 + -31. Let j = i - m. Calculate the remainder when j is divided by 6.
3
Suppose g + 3 = -2*g. Let d be g*(-2)/(-2)*-5. Let v = d + 11. What is the remainder when 30 is divided by v?
14
Suppose -4*h + 0*h - 3*r + 30 = 0, 5*h - r - 28 = 0. Suppose 2*d - d = 0. Suppose 2*j + d*j - 22 = 0. Calculate the remainder when j is divided by h.
5
Let n = 1767 - 1763. What is the remainder when 405 is divided by n?
1
Let b(v) = v**3 + 9*v**2 - 15*v - 21. What is the remainder when 53 is divided by b(-10)?
24
Let n(m) = -3*m**2 + 36*m - 8. Let y(h) = h**2 - 18*h + 4. Let g(j) = 2*n(j) + 5*y(j). Calculate the remainder when 9 is divided by g(-18).
1
Suppose 2*s + 0*s = 90. Let f(a) = a**2 + 154. Let u be f(0). Let p = 178 - u. What is the remainder when s is divided by p?
21
Let g(b) = 6*b - 45. What is the remainder when 103 is divided by g(12)?
22
Suppose g + 5*o + 8 = 22, 0 = 3*g - 4*o - 42. Calculate the remainder when 206 is divided by g.
10
Let v = -5 - -34. Suppose d + z = 12, -5*d - 2*z = -36 - 12. Calculate the remainder when v is divided by d.
5
Sup